 u a composite number?
True
Let y be (-162)/30 - 6/(-15). Let s(j) = -j**2 - 6*j - 3. Let c be s(y). Suppose c*x = 6*x - 1412. Is x prime?
True
Suppose -4*g + 43746 = 5*c - 40633, 3*c = -3*g + 50625. Is c a composite number?
False
Suppose 8*z - 18828 - 44108 = 0. Is z a composite number?
False
Let p(s) be the second derivative of s**5/20 - s**4/2 + s**3/2 + 5*s**2/2 - 5*s. Let f be p(4). Let k = f + 50. Is k composite?
True
Let m be -2 - (-36)/16 - 92/(-16). Is (m/(-10))/(1/(-10)) a prime number?
False
Let f(k) = k**2 - 10*k + 11. Let o be f(9). Suppose 2*a = -646 + o. Is 1/(((-6)/a)/3) prime?
False
Is (72 - -17617) + 4*1 composite?
True
Let m = 20341 + -12890. Is m a prime number?
True
Is (25/10)/(-5)*31368/(-4) a composite number?
True
Let l = 2 - -5. Suppose -3*x - 1 + l = 0. Suppose -x*a + 535 - 5 = 0. Is a a prime number?
False
Let o(b) = 54*b - 53*b + 6 + 1. Let f be o(-4). Suppose -4*a = -f*a - 113. Is a composite?
False
Let x be 7 + (4 - 8) + 1. Suppose -8*b + 244 = -x*b. Suppose b = 2*h - 117. Is h prime?
True
Let d(z) = z**3 + 2*z**2 + 840. Let i be d(0). Suppose -8*o + i = -112. Is o composite?
True
Let m be (0 + -150)*(1 - 10/6). Let x = m - 11. Is x composite?
False
Let q = 87 + 610. Is q prime?
False
Is 697 + 50/20*12/(-10) a composite number?
True
Is (-4 + 3)*(-9239 + -2) + -2 a composite number?
False
Let i be 146/(-14) + 80/(-140). Let f(p) = 3 - 7 - 1 - 14*p - 3. Is f(i) a composite number?
True
Suppose 3*d = -2*c - 64, d + 0*d + 5*c + 30 = 0. Is -188*5*5/d prime?
False
Let p(z) = 1047*z + 6. Let j(x) = 1029202*x + 5899. Let m(t) = 6*j(t) - 5899*p(t). Let r be m(-1). Let k = r + -406. Is k a composite number?
True
Let b = 3160 - 689. Is b a prime number?
False
Suppose 32112 = 3*a - 1044. Is ((-2)/(-6))/(-2 + 22110/a) a composite number?
True
Suppose 4*t = 3*j + 2 + 21, 9 = 2*t + j. Suppose -t*m - 35 = 4*k - 9*k, 0 = -4*m - 16. Suppose -3*h - 2*p = -1187, 8*p - 3*p = -k*h + 1181. Is h a prime number?
True
Let z(f) = 3*f. Let d be z(0). Suppose d = -3*g - 78 - 72. Let j = 261 + g. Is j composite?
False
Suppose 16*q + 4*q = 170020. Is q a prime number?
True
Suppose 3*x + 0*x = 3696. Let h(b) = -17*b**2 + 100*b + 14. Let m be h(6). Suppose -4*l = -3*q - 10319, -x = -m*l + 2*q + 3928. Is l a composite number?
False
Let j(w) be the third derivative of w**7/420 - w**6/72 - 7*w**5/120 - 7*w**4/24 + w**3/3 + 4*w**2. Let y(k) be the first derivative of j(k). Is y(6) prime?
False
Let v = 445 + -628. Let z = v + 276. Let y = z - 60. Is y a prime number?
False
Let y(t) = 100*t**2 - 6*t - 1. Is y(-4) prime?
False
Is (-4 - -7113) + 1 + 3 a composite number?
True
Let b(v) = -195*v - 11. Let m(z) = -98*z - 5. Let f(k) = -3*b(k) + 7*m(k). Let o be f(-4). Is (5 - 6)/((-2)/o) prime?
False
Let m = 5 + -3. Let z(w) = 3*w**m - 5*w**3 - 20 - 5*w**2 + 4*w**2 + 23 + 4*w. Is z(-2) a composite number?
False
Is (10/(-35))/(2/(-70049)) composite?
False
Suppose -4*w = 264 - 60. Let j = -28 - w. Is j composite?
False
Let x be 32*1/(-2)*-1. Let h be 8/x - (-3825)/6. Suppose 1592 + h = 2*u. Is u a composite number?
True
Suppose o - 201 = -3*u, -o + 206 = -u - u. Let t = o + -98. Is t a prime number?
False
Let m = 4459 - -792. Is m a prime number?
False
Let k(m) = -m**3 - 10*m**2 - m - 9. Let q(n) = n**2 + 9*n - 12. Let x be q(-9). Is k(x) prime?
False
Let v(u) = 3 + 4 - 13 + 2*u. Let z be v(4). Suppose -z*s - 330 + 992 = 0. Is s a prime number?
True
Let b(o) = -5*o**2 + 2*o**3 + 0*o - 2*o + 11 + o**2. Suppose 14 = 2*u + 5*r, 36 = 4*u - 3*r + 8. Is b(u) prime?
True
Suppose 3*g - 55 = 77. Suppose p = 135 + g. Is p a prime number?
True
Let q(m) be the third derivative of 7*m**5/60 + 2*m**4/3 + 13*m**3/3 + 27*m**2. Is q(-15) a composite number?
False
Suppose -5*y = -156 + 41. Suppose 5*t - y = 2, -2*n + 3*t = -185. Suppose -215 = -5*z + 4*w, -3*z + 3*w + 32 = -n. Is z composite?
True
Let n = 10 - 2. Let w be (-2 + 22)*4/n. Is 24/16*w/1 a composite number?
True
Suppose -4*l - 14 + 2 = -4*q, -5*l = -3*q + 11. Let k(d) = -3647*d**3 - d**2 - d. Is k(l) a prime number?
False
Let n(w) = w**2 + 4*w + 2. Let f be n(-5). Suppose f*g + 1770 = 13*g. Is g a prime number?
False
Let o(k) = -608*k + 47. Is o(-10) a composite number?
True
Let c(h) = 4*h**3 + 3*h**2 - 3*h + 1. Let q be c(1). Suppose -3*j = 5*r - 3433, -j + q*j - 4624 = 5*r. Is j a prime number?
True
Suppose -4 = 3*r - 4*r. Suppose -r*k + 1271 = -1285. Suppose -3*w = x - 0*w - 158, 5*w - k = -4*x. Is x composite?
True
Suppose 0 = 2*u - 3*j - 207, 3*u = -2*j + j + 294. Let s = -12 + u. Let k = 268 - s. Is k a composite number?
False
Let x(d) = 18*d**3 - 30*d**2 - 8*d + 23. Is x(9) a composite number?
True
Suppose 0 = -3*r - 2 + 14. Suppose -4*l = 2*p - p - 150, 4*l = r*p - 640. Is p prime?
False
Suppose 82002 = 4*w - 4*z - 51570, -6 = 3*z. Is w composite?
False
Let t be 15/(2/((-24)/(-9))). Suppose 4*x + 2*l = x - t, 4*x + 2*l + 24 = 0. Let f(r) = 12*r**2 + 2*r + 1. Is f(x) a composite number?
True
Let k = 1196 - -1429. Let b = k + -892. Is b a composite number?
False
Is -3 - 14058/(-8) - (-2)/(-8) a composite number?
True
Suppose 130*x - 9490 = 104*x. Is x prime?
False
Let r(n) = -7*n**2 + 2*n + 108. Let l(z) = -8*z**2 + 2*z + 109. Let j(a) = -5*l(a) + 6*r(a). Is j(0) a prime number?
True
Let u(t) = 7*t**2 - 41*t + 5. Let x be u(18). Suppose 4*w - x = -w. Is w composite?
False
Let u(q) = 10*q**3 - 9*q**2 + 7*q - 1. Is u(7) a composite number?
False
Let i = 3049 - 1532. Is i a prime number?
False
Let v(j) = 979*j + 24. Let o(t) = -245*t - 6. Let c(s) = -22*o(s) - 6*v(s). Let a be c(-8). Suppose -625 = 5*f - a. Is f prime?
True
Is 32/(-432) + 447020/108 composite?
False
Let p(j) = 86*j**2 + 5*j + 7. Let q be -1 + -3 + (-16)/(-16). Let o be p(q). Is (-15)/30 - o/(-4) prime?
True
Suppose -205291 = 7*q - 36*q. Is q composite?
False
Let l(b) = -b**2 - 10*b - 8. Let h be l(-9). Let a = 6 - h. Suppose -2*z - 5*s + 22 = -10, 4*z - 84 = -a*s. Is z composite?
True
Let w(c) = -c**3 + c**2 - 2*c + 158. Let v be w(0). Let f = 603 - v. Is f a prime number?
False
Let b = -27 + 27. Suppose -3*g + b*c - 2*c + 2033 = 0, -2026 = -3*g + 5*c. Is g a composite number?
False
Let a(m) = m**2 + 6*m - 8. Suppose -35 = 8*x + 21. Let q be a(x). Is 758/q*(-1)/2 a prime number?
True
Suppose -5*w = 4*r - 20328, 1416 = 5*r + w - 23973. Is r a prime number?
True
Let m = -341 - -4978. Is m composite?
False
Let h(l) be the second derivative of 33*l**3/2 + 5*l**2/2 - 4*l. Is h(8) prime?
True
Let a(s) = -16*s - 114. Is a(-17) a prime number?
False
Let i(t) = -37*t + 2561. Is i(0) a prime number?
False
Suppose -4*z = 2*d - d - 10227, -d - 5*z + 10231 = 0. Is d a prime number?
True
Is 34987/4 - (-24)/96 a composite number?
False
Suppose -5*x = -3*c - 0*c - 111, 0 = -2*x - c + 40. Let f = x - 30. Is (854/(-4))/(f/18) a composite number?
True
Suppose 3*m - 31 = -2*m + 4*j, 8 = -2*j. Let s(i) = 620*i - 13. Is s(m) prime?
True
Let s = 5 - 1. Suppose -s*v + 3*v = -4. Suppose 3*d = 3*n - 1347, 7*d - v*d - 898 = -2*n. Is n a composite number?
False
Let i = -2489 - -9352. Is i a prime number?
True
Let y = -1 - 2. Is (3 - 11)*-26 - y composite?
False
Let y be 9 + -1*(5 + -3). Suppose -i - r = r + 8, -4*i - 3*r - y = 0. Suppose -x = i*v - 177, -x - 3*x = -5*v + 410. Is v prime?
False
Let g(x) be the third derivative of x**6/120 + x**5/12 - x**4/3 - x**3/3 - 12*x**2. Is g(6) a prime number?
False
Suppose -297 = -k + 5*d, -k - 2*d - 1188 = -5*k. Let a(l) = -2*l**3 + 15*l**2 - 6*l - 24. Let p be a(8). Let g = k + p. Is g composite?
True
Let v = 116766 + -82625. Is v composite?
False
Let n = -35 + 60. Let w = -22 + n. Suppose 4*j + 394 = 2*x, 2*x = -2*j - w*j + 367. Is x prime?
True
Suppose 0 = -2*s + 5*s - 150. Suppose -d - s - 67 = 0. Let a = 410 + d. Is a a composite number?
False
Suppose -3*y - 2*m + 715 = -431, -m - 764 = -2*y. Suppose -3*r + 512 = 5*i - y, -4*r + 1187 = 5*i. Is r a composite number?
False
Suppose -86 = 3*x - 4*x. Suppose -3*k - 2*k = 0. Suppose k*v + 4*c = -5*v + x, 38 = 3*v - c. Is v composite?
True
Let j(a) = 4*a**3 + a**2 + 11197. Is j(0) a prime number?
True
Let g be (3/(-30) - 15/(-25))*16188. Suppose -6963 = -9*h + g. Is h composite?
True
Let i(o) = o**3 + 10*o**2 - o - 8. Let y be i(-10). Let a be (y/6)/((-7)/(-168)). Let t(j) = 26*